{"id":107,"date":"2017-07-11T14:28:22","date_gmt":"2017-07-11T14:28:22","guid":{"rendered":"https:\/\/ozerfilizperde.com\/?page_id=107"},"modified":"2025-10-15T15:30:27","modified_gmt":"2025-10-15T15:30:27","slug":"iletisim","status":"publish","type":"page","link":"https:\/\/ozerfilizperde.com\/index.php\/iletisim\/","title":{"rendered":"\u0130leti\u015fim"},"content":{"rendered":"<div class=\"wpb-content-wrapper\"><p>[vc_row full_width=&#8221;stretch_row&#8221; css=&#8221;.vc_custom_1499947526310{background-color: #f1f8fe !important;}&#8221;][vc_column width=&#8221;1\/2&#8243;]<div class=\"sc_content_wrap sc_push_medium\"><div id=\"sc_content_1859936512\"\n\t\tclass=\"sc_content color_style_default scheme_dark sc_content_default sc_float_center sc_padding_small sc_margin_tiny  vc_custom_1506951449473\"><div class=\"sc_content_container\"><div id=\"sc_title_2098416737\"\n\t\tclass=\"sc_title color_style_default sc_title_default\"><h4 class=\"sc_item_title sc_title_title sc_align_left sc_item_title_style_default sc_item_title_tag\">\u00d6zer Filiz Jaluzi Perde<\/h4><\/div><!-- \/.sc_title -->[vc_separator color=&#8221;custom&#8221; css=&#8221;.vc_custom_1506952319686{margin-top: 1.35rem !important;margin-bottom: 1.6rem !important;}&#8221; accent_color=&#8221;#3d515e&#8221;]<div id=\"widget_contacts_1880518108\" class=\"widget_area sc_widget_contacts vc_widget_contacts wpb_content_element\"><aside id=\"widget_contacts_1880518108_widget\" class=\"widget widget_contacts\"><div class=\"contacts_wrap\"><div class=\"contacts_info\"><span class=\"contacts_address\">Konak, Y\u0131ld\u0131r\u0131m Caddesi, Koca Yunus Sk. 4a, 16140 Ni\u0307l\u00fcfer\/Bursa<\/span><span class=\"contacts_email\"><a href=\"mailto:&#111;ze&#114;fi&#108;&#105;&#122;&#112;&#101;&#114;&#100;&#101;&#64;&#103;&#109;a&#105;&#108;.com\">&#111;ze&#114;fi&#108;&#105;&#122;perd&#101;&#64;gm&#97;il&#46;c&#111;m<\/a><\/span><a href=\"tel:+905339656005\" class=\"contacts_phone\">+90 533 965 60 05<\/a><\/div><\/div><!-- \/.contacts_wrap --><\/aside><\/div>[vc_empty_space alter_height=&#8221;small&#8221; hide_on_desktop=&#8221;&#8221; hide_on_notebook=&#8221;&#8221; hide_on_tablet=&#8221;&#8221; hide_on_mobile=&#8221;&#8221; css=&#8221;.vc_custom_1506952405222{margin-bottom: -0.35rem !important;}&#8221;][vc_single_image image=&#8221;1870&#8243; img_size=&#8221;full&#8221; alignment=&#8221;center&#8221; css=&#8221;.vc_custom_1760540912919{margin-bottom: 0.3rem !important;}&#8221;]<\/div><\/div><!-- \/.sc_content --><\/div><!-- \/.sc_content_wrap -->[\/vc_column][vc_column width=&#8221;1\/2&#8243;][vc_empty_space alter_height=&#8221;medium&#8221; hide_on_desktop=&#8221;&#8221; hide_on_notebook=&#8221;&#8221; hide_on_tablet=&#8221;&#8221; hide_on_mobile=&#8221;&#8221;][vc_column_text css=&#8221;.vc_custom_1758139219273{padding-bottom: 1.7rem !important;}&#8221;]<strong>Sorular\u0131n\u0131z m\u0131 var? Bizi araman\u0131z yeterli T\u00fcrkiye&#8217;nin her iline hizmet vermekteyiz!<\/strong>[\/vc_column_text]<div id=\"sc_googlemap_1340715577_wrap\" class=\"sc_googlemap_wrap\"><div id=\"sc_googlemap_1340715577\"\n\t\t\tclass=\"sc_googlemap sc_googlemap_default\"\n\t\t\t style=\"width:100%;height:350px;\"\t\t\tdata-zoom=\"16\"\n\t\t\tdata-style=\"default\"\n\t\t\tdata-cluster-icon=\"\"\n        ><iframe\n                    src=\"https:\/\/maps.google.com\/maps?t=m&output=embed&iwloc=near&z=16&q=Konak%2C+Y%C4%B1ld%C4%B1r%C4%B1m+Caddesi%2C+Koca+Yunus+Sk.+4a%2C+16140+Ni%CC%87l%C3%BCfer%2FBursa\"\n                    scrolling=\"no\"\n                    marginheight=\"0\"\n                    marginwidth=\"0\"\n                    frameborder=\"0\"\n                    aria-label=\"\"><\/iframe><\/div><\/div><!-- \/.sc_googlemap_wrap -->[\/vc_column][vc_column][vc_empty_space alter_height=&#8221;huge&#8221; hide_on_desktop=&#8221;&#8221; hide_on_notebook=&#8221;&#8221; hide_on_tablet=&#8221;&#8221; hide_on_mobile=&#8221;&#8221;][\/vc_column][\/vc_row]<\/p>\n<\/div>","protected":false},"excerpt":{"rendered":"<p>[vc_row full_width=&#8221;stretch_row&#8221; css=&#8221;.vc_custom_1499947526310{background-color: #f1f8fe !important;}&#8221;][vc_column width=&#8221;1\/2&#8243;][\/vc_column][vc_column width=&#8221;1\/2&#8243;][vc_empty_space alter_height=&#8221;medium&#8221; hide_on_desktop=&#8221;&#8221; hide_on_notebook=&#8221;&#8221; hide_on_tablet=&#8221;&#8221; hide_on_mobile=&#8221;&#8221;][vc_column_text css=&#8221;.vc_custom_1758139219273{padding-bottom: 1.7rem !important;}&#8221;]Sorular\u0131n\u0131z m\u0131 var? Bizi araman\u0131z yeterli T\u00fcrkiye&#8217;nin her iline hizmet vermekteyiz![\/vc_column_text][\/vc_column][vc_column][vc_empty_space alter_height=&#8221;huge&#8221; hide_on_desktop=&#8221;&#8221; hide_on_notebook=&#8221;&#8221; hide_on_tablet=&#8221;&#8221; hide_on_mobile=&#8221;&#8221;][\/vc_column][\/vc_row]<\/p>\n","protected":false},"author":1,"featured_media":0,"parent":0,"menu_order":0,"comment_status":"closed","ping_status":"closed","template":"","meta":{"footnotes":""},"class_list":["post-107","page","type-page","status-publish","hentry"],"_links":{"self":[{"href":"https:\/\/ozerfilizperde.com\/index.php\/wp-json\/wp\/v2\/pages\/107","targetHints":{"allow":["GET"]}}],"collection":[{"href":"https:\/\/ozerfilizperde.com\/index.php\/wp-json\/wp\/v2\/pages"}],"about":[{"href":"https:\/\/ozerfilizperde.com\/index.php\/wp-json\/wp\/v2\/types\/page"}],"author":[{"embeddable":true,"href":"https:\/\/ozerfilizperde.com\/index.php\/wp-json\/wp\/v2\/users\/1"}],"replies":[{"embeddable":true,"href":"https:\/\/ozerfilizperde.com\/index.php\/wp-json\/wp\/v2\/comments?post=107"}],"version-history":[{"count":16,"href":"https:\/\/ozerfilizperde.com\/index.php\/wp-json\/wp\/v2\/pages\/107\/revisions"}],"predecessor-version":[{"id":1876,"href":"https:\/\/ozerfilizperde.com\/index.php\/wp-json\/wp\/v2\/pages\/107\/revisions\/1876"}],"wp:attachment":[{"href":"https:\/\/ozerfilizperde.com\/index.php\/wp-json\/wp\/v2\/media?parent=107"}],"curies":[{"name":"wp","href":"https:\/\/api.w.org\/{rel}","templated":true}]}}